4635?
15
What is the highest common factor of 828943 and 32798?
529
What is the greatest common factor of 8680418 and 9376?
586
Calculate the highest common factor of 15 and 95301090.
15
Calculate the greatest common divisor of 404713161 and 909.
909
Calculate the greatest common divisor of 7114506 and 273.
21
What is the greatest common factor of 2607 and 19?
1
What is the highest common divisor of 18880295 and 9086?
413
Calculate the greatest common factor of 13090406 and 4.
2
Calculate the greatest common divisor of 32685365 and 4240.
265
What is the highest common factor of 40 and 9011368?
8
Calculate the highest common factor of 9416746 and 310.
62
Calculate the highest common factor of 3579675 and 15.
15
Calculate the greatest common divisor of 320952 and 999865.
311
What is the highest common factor of 1060 and 3808315?
265
What is the greatest common factor of 300 and 1929090?
30
What is the greatest common divisor of 78550 and 56?
2
What is the highest common divisor of 317442 and 351822?
1146
What is the greatest common divisor of 11505132 and 10410?
2082
What is the greatest common factor of 642135 and 97865?
185
Calculate the greatest common factor of 3059 and 709859.
19
What is the highest common divisor of 1946885 and 1025?
205
Calculate the highest common divisor of 24 and 118431776.
8
What is the greatest common factor of 898683 and 556989?
1389
What is the highest common factor of 1930 and 40130?
10
What is the greatest common factor of 394 and 48407234?
394
What is the highest common factor of 32 and 146312592?
16
Calculate the greatest common divisor of 36234128 and 7232.
1808
What is the greatest common factor of 49459894 and 1232?
22
What is the greatest common divisor of 32438418 and 7383?
69
What is the greatest common factor of 833 and 837704?
49
Calculate the highest common factor of 157994728 and 71896.
6536
Calculate the highest common factor of 23 and 118636783.
23
Calculate the greatest common divisor of 2457135 and 5070.
15
Calculate the greatest common divisor of 5 and 6623372.
1
Calculate the highest common divisor of 12288890 and 30.
10
What is the greatest common factor of 400144 and 941912?
2248
What is the greatest common factor of 332560 and 48641057?
4157
What is the highest common factor of 16 and 3338332?
4
Calculate the greatest common divisor of 1116612 and 411.
3
What is the highest common divisor of 2105694 and 1970240?
12314
What is the highest common divisor of 189495638 and 453?
151
What is the highest common divisor of 396 and 303633?
99
What is the highest common divisor of 1985448 and 36?
12
What is the greatest common divisor of 229174 and 297?
11
What is the highest common divisor of 49724 and 13454?
62
Calculate the highest common factor of 2877 and 6321728.
959
What is the highest common factor of 7555 and 9608449?
1511
What is the highest common divisor of 1738 and 12658580?
22
What is the greatest common factor of 4107229 and 371581?
763
Calculate the greatest common factor of 31843 and 204806.
7
Calculate the greatest common factor of 22016 and 118208.
64
Calculate the greatest common factor of 2586249 and 68121.
2349
What is the greatest common divisor of 140160 and 886220?
1460
What is the greatest common divisor of 208495 and 40771410?
4255
Calculate the highest common divisor of 20480 and 2630080.
320
Calculate the greatest common factor of 11569894 and 79407.
2941
What is the greatest common factor of 16730 and 94430?
70
What is the highest common factor of 287326074 and 276?
138
What is the highest common divisor of 70 and 364527835?
35
What is the highest common divisor of 277176 and 34296?
24
What is the highest common factor of 120117100 and 1350?
50
What is the highest common divisor of 23720351 and 23257?
1789
What is the highest common factor of 10451 and 33187?
7
What is the greatest common divisor of 2196269 and 927?
103
What is the greatest common factor of 36701 and 2927841?
749
Calculate the greatest common factor of 152221 and 5278.
29
Calculate the greatest common divisor of 632352 and 132480.
96
Calculate the highest common factor of 24 and 33323064.
24
What is the greatest common divisor of 4042912 and 336?
16
Calculate the greatest common factor of 153 and 520251.
51
What is the highest common factor of 265341440 and 910?
910
Calculate the highest common factor of 7136440 and 610.
10
What is the highest common factor of 455501 and 254497?
1621
Calculate the greatest common divisor of 2800215 and 121.
11
Calculate the greatest common factor of 2167 and 14037408.
11
Calculate the greatest common divisor of 5840 and 60111704.
584
What is the greatest common divisor of 3357974 and 5213?
401
What is the highest common factor of 55 and 1689995?
5
What is the highest common divisor of 8798166 and 151302?
906
Calculate the greatest common factor of 18409 and 20653551.
449
Calculate the greatest common factor of 113 and 57394621.
113
What is the greatest common factor of 5523 and 42749861?
1841
What is the highest common divisor of 87870383 and 247?
19
Calculate the highest common divisor of 187 and 16404586.
11
Calculate the greatest common factor of 4720324 and 3156.
1052
What is the greatest common factor of 3126393 and 7614?
423
Calculate the greatest common divisor of 2925 and 478359765.
585
What is the highest common factor of 1415190 and 30?
30
What is the highest common divisor of 776 and 1042556?
388
What is the highest common divisor of 1767 and 162436776?
1767
Calculate the greatest common factor of 142 and 235453.
1
Calculate the highest common factor of 6617968 and 115514.
518
Calculate the greatest common factor of 8458192 and 48.
16
What is the highest common factor of 4107 and 363869248?
1369
Calculate the highest common divisor of 83268 and 618342.
1542
What is the greatest common divisor of 23256 and 2147576?
136
What is the highest common divisor of 1052465140 and 7666?
7666
Calculate the highest common divisor of 66 and 114285039.
33
What is the highest common factor of 494292232 and 1608?
536
What is the greatest common factor of 4057 and 52866767?
4057
What is the highest common factor of 132237024 and 24?
24
What is the greatest common divisor of 7007455 and 4095?
455
What is the highest common factor of 1659 and 14115009?
237
What is the highest common factor of 98 and 2355871?
49
Calculate the greatest common factor of 1460592 and 4410.
882
Calculate the greatest common divisor of 303 and 5923326.
3
Calculate the highest common divisor of 4020 and 5819084.
268
Calculate the greatest common factor of 580290 and 1305.
435
Calculate the highest common factor of 483903872 and 128.
128
Calculate the greatest common factor of 60 and 7238740.
20
Calculate the highest common factor of 1104719963 and 79.
79
What is the greatest common factor of 1756414 and 754?
58
What is the highest common divisor of 42 and 178439394?
42
Calculate the greatest common divisor of 36 and 50953410.
18
Calculate the greatest common divisor of 296476 and 643250.
166
What is the highest common divisor of 6375 and 33742025?
425
Calculate the highest common divisor of 2245 and 33035175.
2245
What is the highest common factor of 5580856 and 25048?
808
What is the highest common divisor of 578205 and 30?
15
Calculate the greatest common factor of 186169137 and 231.
231
What is the greatest common factor of 2604 and 2547828?
372
What is the highest common factor of 3909115 and 9380?
2345
What is the highest common divisor of 310 and 242351800?
310
What is the highest common factor of 4913 and 145962?
17
Calculate the highest common factor of 206110 and 130.
10
Calculate the greatest common divisor of 131 and 3917817.
131
What is the greatest common factor of 979 and 51985879?
979
Calculate the greatest common factor of 3727085 and 11645.
685
What is the highest common factor of 2193 and 27564204?
129
What is the highest common factor of 88244500 and 500?
500
What is the greatest common factor of 873 and 8773553?
97
What is the greatest common divisor of 14 and 30592996?
14
What is the highest common divisor of 859104 and 344144?
2512
What is the greatest common factor of 860 and 110872820?
20
Calculate the greatest common factor of 6727422 and 273.
39
Calculate the highest common d